x. Suppose 0 = -3*r - 2*j + 5 + x, 2*r = 2*j. Suppose -72 = -5*a - 3*z, -6 - r = -a - 4*z. Is a prime?
False
Suppose 58 = 2*j - 1116. Is j prime?
True
Suppose 2*t + 4*g - 5571 = -t, -3*t - g + 5562 = 0. Is t prime?
False
Let j(b) be the third derivative of b**5/30 + b**4/4 + b**3/3 - 2*b**2. Suppose 4*v + 0*v - 3*m = -26, 4*m - 3 = -v. Is j(v) a composite number?
True
Suppose 4*x = 6*x - 502. Is x a composite number?
False
Let l = 869 - 462. Is l a prime number?
False
Suppose 696 = -22*i + 30*i. Is i a composite number?
True
Is 951/(9*5/15) composite?
False
Suppose 0 = 4*x + 4 - 8. Let w(g) = 82*g**2 + 1. Is w(x) composite?
False
Suppose 8 = 4*z - 0*i + 2*i, -2*i + 5 = 3*z. Let l(p) = 4*p**3 + 5*p**2 - 4*p + 4. Is l(z) a composite number?
True
Is -9026*((-45)/10)/9 a prime number?
True
Let c(t) = 74*t - 2. Let w be c(6). Suppose -f = m - 113, 3*m = -m + f + w. Is m a composite number?
True
Suppose -19 - 41 = 5*c. Let o be (-12)/1*4/c. Suppose -2*g = 3*g + o*q - 131, -3*g + 2*q + 61 = 0. Is g prime?
True
Let a(y) = 3*y**3 + 3*y**2 + y. Let h be a(3). Let m = -74 + h. Is m a prime number?
True
Let q = 566 - 265. Is q composite?
True
Suppose 3*a - a + 743 = m, 3*a - 3027 = -4*m. Is m prime?
False
Let p(u) = u**2 - 5*u - 8. Let h be p(6). Let o = h - -3. Is 3/o - (-4 - 32) prime?
False
Suppose 0 = 5*w + 2*y - 26, -2*y - y - 7 = -4*w. Suppose -58 = -w*q + 390. Suppose -5*l = 7 - q. Is l a composite number?
True
Suppose -96 = 2*y - 116. Is y a prime number?
False
Let f(k) = k**3 - 12*k**2 + k - 7. Let v be f(12). Suppose 6*i - 4*i - o = 5, 3*i = 4*o + v. Suppose -i*r - 2*j = 2*r - 34, 0 = -r - j + 8. Is r composite?
True
Let q(i) = -i - 1. Let y be q(-2). Let t = y - 1. Suppose t*o - 1 = -o, o = -5*j + 636. Is j a prime number?
True
Let l = 143 + 24. Is l a prime number?
True
Let h = 10 + -5. Let j(d) = d - 1. Let p(b) = 23*b + 6. Let q(s) = h*j(s) + p(s). Is q(4) a composite number?
False
Let k = 23 - 16. Suppose -k*s + 4*s = -105. Suppose -3*g + 39 = -2*g + 5*l, s = g + 4*l. Is g a composite number?
False
Let d = 3 - 4. Let i(z) = -32*z**2 - 7*z - 6. Let q(v) = -v**2 + v + 1. Let g(a) = -i(a) - 6*q(a). Is g(d) a prime number?
True
Let s(p) = -8*p + 7. Let w(h) = 25*h - 21. Let v(k) = -17*s(k) - 6*w(k). Is v(-8) a prime number?
False
Let u(k) = 2*k**2 - 2*k + 1. Let o be u(2). Suppose -o*n = 16 - 6. Is 3/(n + 3) + 34 a composite number?
False
Is (-53291)/(-49) - (-8)/(-14) a composite number?
False
Let y = -809 - -1258. Is y prime?
True
Let p(i) = -177*i + 2. Let x be p(-6). Suppose -3*c = 2*f + 238 - x, 1239 = 3*f + 3*c. Is f a composite number?
True
Let a(h) = -h**2 - 8*h - 4. Let s(r) = r + 0*r - 2*r. Let y be s(5). Is a(y) a composite number?
False
Let z(m) = -6*m**2 + 2*m - 4. Let a be z(3). Let c = 141 + a. Suppose 52 + 35 = y + 5*w, 0 = y + 4*w - c. Is y composite?
False
Suppose -4*z + 883 - 186 = 3*a, 2*z - 4*a - 332 = 0. Suppose 3*x - 9*x + 12 = 0. Is z/x - (-6 - -5) prime?
False
Suppose 2*f = -f + 6. Suppose 8 = 2*d, 3*d = f*l - d + 16. Suppose 3*r = -3*v + 195, 4 = -2*r - l. Is v a composite number?
False
Let l(h) = 2*h**2 - 8*h + 7. Suppose 3*k + 39 = 5*o, 5*k = -0*o + 2*o - 46. Is l(k) composite?
False
Suppose -r = r + 2. Is -1 - 0 - r - -233 composite?
False
Suppose 0 = 2*q + 2*h + 40, -2*q = -2*h + 8 + 24. Let u = q - -29. Is u a prime number?
True
Let c be -38 - (5 - 3 - -1). Let l = c - -60. Is l prime?
True
Let v = 18 - 16. Let r = 0 + 0. Suppose 4*k + v*s - 5*s - 55 = 0, -2*s - 10 = r. Is k a prime number?
False
Suppose -3*r + 48 = u - 11, -4*u + 3*r = -236. Suppose n - 2*n = 3*t - u, 2*n = -4*t + 80. Is t composite?
False
Suppose -5*m + m + 8 = 0. Suppose 3 = k + m. Let v(g) = 79*g**2 + g - 1. Is v(k) prime?
True
Suppose 2053 = 11*w - 862. Is w composite?
True
Let k = 22 + -16. Let j(n) be the second derivative of -n**4/12 + 7*n**3/6 + n**2/2 - n. Is j(k) a prime number?
True
Let c(x) = x**3 + x**2 + 377. Is c(0) a prime number?
False
Let x = 18 - 14. Suppose -5*n - 55 = -x*o + 468, 2*n = -o + 121. Is o a prime number?
True
Suppose 4*a = -4*i - 12, 5*i = -0*i - 15. Suppose q - 50 = 26. Suppose 4*m = -a*m + q. Is m a composite number?
False
Let m = 0 - 14. Let u = 91 + m. Is u a composite number?
True
Is (2 - (-92)/(-8))*-2 a composite number?
False
Let q(c) = 3*c**2 - 2. Let m be q(3). Suppose -4*r = -9*r + m. Suppose -3*z = 4*d - 119, 3*z + 0*d = r*d + 101. Is z prime?
True
Let a(c) = -c**3 - 6*c**2 - 6*c - 4. Is a(-7) composite?
True
Let b be (-282)/(-12) + (-1)/2. Let t(r) = r**3 - 3*r + 2. Let w be t(2). Suppose n - b = -w. Is n a prime number?
True
Let g(a) = a**3 - 11*a**2 - 16*a + 7. Is g(14) prime?
False
Let z be (-1 + 7)*2/3. Suppose -z*c + c + 447 = 0. Is c prime?
True
Suppose -47 + 180 = -m. Let w = 450 + m. Is w composite?
False
Suppose 4*u + 7 = z, 2*z + 3*u - 17 - 8 = 0. Let v = 34 - z. Is v a composite number?
False
Let u(b) = 157*b**2 - b - 1. Let w be (14/(-6) - -2)*3. Is u(w) a composite number?
False
Let j(v) = 708*v**2 + v. Let h be j(-1). Suppose 3*u + 3*p - 534 = 0, p + h = u + 3*u. Is u composite?
True
Let a be 232/4*1/1. Let f be -3*(-3 + 2)/(-1). Let h = f + a. Is h a prime number?
False
Is (2/(-3))/((-10)/1185 + 0) a prime number?
True
Let v = 64 + -39. Suppose 5*o + 27 - 99 = g, -46 = -3*o + 2*g. Let p = v - o. Is p a prime number?
True
Let k = -133 - -197. Let b = k + -11. Is b a prime number?
True
Let q = 1 - 2. Let b be (-6)/((-6)/(-20)*q). Suppose 2*n - r - 145 + 34 = 0, 4*r = -b. Is n a prime number?
True
Suppose 0 = k - 4 - 1. Let r(y) = -8*y**2 + 6*y + 4. Let z(t) = 7*t**2 - 5*t - 3. Let s(l) = k*r(l) + 6*z(l). Is s(-2) a composite number?
True
Let z be 82/8 - 11/44. Suppose z*s = 4*s + 258. Is s a prime number?
True
Let l = -6 + 6. Suppose -2*z - 2 = l, 0 = 3*o + 2*z - z - 128. Is o a prime number?
True
Let r(u) = -75*u + 21. Is r(-12) a prime number?
False
Suppose 573 = 2*c - 785. Is c prime?
False
Let m be 1348/3 - (-4)/6. Suppose 5*n - 4*w = m, -w - 90 = -n + w. Suppose -4*r + 130 = -n. Is r a prime number?
False
Let z(c) = -131*c**3 - c**2 - c. Is z(-1) a composite number?
False
Suppose 0 = -4*h + 5*y - 21, -2*h - y - 6 - 1 = 0. Is (-4)/(64/764)*h a composite number?
False
Let l = -172 + 465. Is l a composite number?
False
Let p = 90 + -58. Let y = p - 6. Is y a composite number?
True
Is (4358/3)/(4/6) prime?
True
Let b(p) = -p + 0 - 1 - 6. Let l be b(-4). Is 38 - 2 - l/3 a prime number?
True
Let a = 331 + -174. Suppose 0 = -2*t - d + 84 + a, 0 = 5*d + 25. Is t prime?
False
Let f(m) = 289*m - 46. Is f(5) prime?
True
Let j be (4/6)/(7/1113). Suppose -a + 15 = -j. Is a a prime number?
False
Let f be ((-128)/10)/(4/(-30)). Suppose 5*u - f = 99. Is u a composite number?
True
Let u(v) = -v**3 + 3*v**2 + 2*v + 7. Let h(c) = c**3 - 2*c**2 - c - 7. Let w(k) = 4*h(k) + 3*u(k). Is w(3) a composite number?
True
Suppose -2*a = 2*m - 978, m - 126 = -2*a + 365. Is m composite?
False
Let c = 1853 - 513. Suppose 3*m + m = c. Suppose 0 = -5*v - 40 + m. Is v prime?
True
Suppose -2*k - 53 = l, 3*k - 5*k = -l - 45. Let b = l + 106. Is b composite?
True
Let d(f) = f + 2. Let j be d(3). Is 263/5 + 2/j a composite number?
False
Suppose 25 = 3*c + 2*c. Suppose 4*v + 0*m = -2*m + 98, -5*m = -c*v + 100. Let t = 150 - v. Is t composite?
False
Let v(y) = 3*y**3 + 2*y**2 + y + 1. Let k be v(-2). Let b = k - -68. Is b composite?
True
Suppose -4*x + 6*x = 4*d - 20, 4*d + x - 8 = 0. Let q(o) = o**2 - 3*o + 3. Let u be q(d). Suppose r = -0*r + u*c - 1, -r - 2*c = -24. Is r a prime number?
False
Let m(t) = 48*t**3 + 5*t**2 - 4*t - 2. Is m(2) composite?
True
Suppose -5*r = -4*j + 21, -j + r = -2*j + 12. Let y = j - 2. Suppose 0 = 2*v - v - y. Is v a composite number?
False
Let o be (-3)/(6/(-10)) + 0. Suppose 0 = 4*w - w + o*j - 1192, 0 = -w + 3*j + 388. Let s = -235 + w. Is s composite?
True
Suppose 0 = 4*g - 5 - 7. Suppose g*w = 2*r - 6*r + 13, -2*r = w - 5. Let p(n) = 47*n**2 - n + 1. Is p(r) a prime number?
True
Is (1105/15)/((-2)/(-6)) composite?
True
Suppose -2*k + 4 = -3*k. Let i(t) = 18*t**2 - 3*t - 7. Is i(k) prime?
True
Let a = -637 + 928. Is a composite?
True
Let l(h) = h**3 + 6*h**2 + 4. Let z be l(-6). Suppose 338 = z*t - 474. Is t prime?
False
Suppose 0*i + 5*p + 354 = 3*i, -4*p = 12. Is i a prime number?
